of d(9)?
0
Let x = 248 + -48. Suppose 8*t - x = 4*t. What is the units digit of t?
0
Let f(a) = -a - 1. Let l be f(17). Suppose 0 = 3*j - d + 3*d + 112, 0 = -3*j - 5*d - 118. Let w = l - j. What is the tens digit of w?
1
What is the hundreds digit of -10*1/(-45) - (-10281)/27?
3
Suppose -171 - 1273 = -4*i. What is the hundreds digit of i?
3
Suppose 0 = -5*s + 3*s + 4. Let d = s - -6. Suppose -5*n - 21 = -d*n. What is the units digit of n?
7
Suppose 3623 = 2*c - l, 7*c - 3*c - 7247 = l. What is the tens digit of c?
1
Let h = 67 + -85. What is the units digit of (16/6)/((-6)/h)?
8
Let w be ((-44)/(-6))/(4/(-6)). Let s = 56 + w. What is the tens digit of s?
4
Let r = -513 - -893. Suppose 3*n = -n + r. What is the tens digit of n?
9
Suppose -z = 2*m + 60, 0*m - 5*z - 60 = 2*m. Let f = 33 - m. What is the units digit of f?
3
Let z be (-2)/1 + 2 + 4. Suppose -68 = -z*k + 3*i, 0*i = k - i - 17. Let r = 37 - k. What is the tens digit of r?
2
Let c(s) = s**3 + s. Suppose -6*r = -11*r + 20. What is the tens digit of c(r)?
6
Suppose -30*r - 49980 = -72*r. What is the units digit of r?
0
What is the hundreds digit of ((-5)/(-10)*73)/((-1)/(-62))?
2
Let l be (86/(-4))/((-1)/2). Suppose 49 = 2*w - l. What is the tens digit of w?
4
Let j = 836 - 317. What is the units digit of j?
9
Let v = -200 - -225. Let a(c) = c**3 + 8*c**2 + 9*c + 1. Let q be a(-6). Let j = v + q. What is the units digit of j?
4
Let c(v) = 5*v + 42. Let m be c(-8). Suppose -5*i = -5*t + 180, -4*t + m*i + 3*i + 144 = 0. What is the tens digit of t?
3
Let n = 43 - 15. Suppose n = 5*d - d. Let p = d - 3. What is the units digit of p?
4
What is the tens digit of (6 + 78/9)/(2/51)?
7
What is the hundreds digit of (1193/(-2))/(48/(-384))?
7
Let i(f) = 2*f**2 + f - 5. Let q be i(4). Let u = q - 15. Suppose 2*a = w - u, 0 = -w + 6*w + a - 80. What is the tens digit of w?
1
Let d = 1825 + -1187. Suppose 9*p - 298 = d. What is the tens digit of p?
0
Let c = 24 + -42. Let v be (-3)/(-2) - c/12. Suppose -v*g + 29 = -25. What is the units digit of g?
8
Suppose 3891 = 2*q + q + m, -4*q = m - 5188. What is the thousands digit of q?
1
Let c be 134/(-10) - (-8)/20. Suppose -a + 3 = z + 1, 3*a = 9. What is the units digit of (2 + -1)/(z/c)?
3
Suppose -5*g = -4*t, 0*t - 4*t = -4*g. Suppose g = 4*j + 5*w - 46 - 67, -4*j + 5*w = -143. What is the units digit of j?
2
Suppose -7*f + 577 = 2*t - 6*f, -t - 5*f + 275 = 0. What is the tens digit of t?
9
Let i be (-1 + 0)*(-2 + 1). Let c = -225 - -91. What is the tens digit of c/(-6) + i/(-3)?
2
What is the hundreds digit of 65/78 - (-23493)/18?
3
Suppose -4*j - 1524 = -3*i - 2, i - 4*j - 510 = 0. What is the tens digit of i?
0
What is the tens digit of (1932645/(-26))/(-33) + 3/(-2)?
5
Let m = 3956 + -566. What is the hundreds digit of m?
3
Let b(d) = d**3 + 9*d**2 - d + 2. Suppose 0 = -y - 2*q - 1, -2*y + 16 = -6*y - 5*q. What is the tens digit of b(y)?
1
Let i be (58/6)/((-15)/(-360)). Let k = i - 105. What is the tens digit of k?
2
Let h = 55 + -52. Suppose m - 21 - 41 = 5*o, o + 158 = h*m. What is the units digit of m?
2
Let t be (-35)/8 - 9/(-24). What is the units digit of (-33)/22*t/(-3) - -104?
2
Let a be (-12)/(-1)*(-3)/6. What is the units digit of (-8)/(-24) - 166/a?
8
Suppose -2*b + 2*w = -12, 4*w - 2 = b - 5. Let j(x) = x**3 - 6*x**2 + 4 - b - 2*x**3 - 11*x - 5*x**2. What is the units digit of j(-10)?
7
Suppose 4*v - 5*s - 533 - 772 = 0, 0 = 2*v - 2*s - 652. What is the hundreds digit of v?
3
Let m = 173 + -144. What is the tens digit of m?
2
Suppose 47*b + 26005 = 5*v + 45*b, 0 = 5*b. What is the hundreds digit of v?
2
Suppose 0 = -3*t + 2*t - 7. Let b be (t*2)/(4/2). What is the units digit of (-2)/b + 198/42?
5
Let s be 4 - (-13 + -4)*1. Let q = 94 - s. What is the tens digit of q?
7
Suppose 0 = -5*b - 4*i + 1941, -2*b + 7*b - 1946 = i. What is the tens digit of b?
8
Suppose 8*l + 66 = -3*l. What is the units digit of (-26)/l*(-4 + 10)?
6
Suppose 5*t = d + 439, -d - 275 = -2*t - 97. What is the units digit of t?
7
Suppose -5*m - 1292 = -d - d, -d = m - 660. What is the tens digit of d?
5
Let i(m) = 2*m - 17. Let k be (-3)/(4/(-4) + 2). Let o = 13 - k. What is the units digit of i(o)?
5
Let k = 1628 + -9. What is the thousands digit of k?
1
Let q(k) be the first derivative of k**4/4 + 3*k**3 + 5*k**2 + 6*k + 4. Let c be q(-8). Let u = 41 - c. What is the tens digit of u?
5
Let j be (-9)/21 + 1 + (-1394)/14. Let d = 129 + j. What is the units digit of d?
0
Let v(u) = -174*u**2 - 6*u + 7. Let r be v(1). Let o = r - -287. What is the units digit of o?
4
Suppose -6*p + 36 = -4*p. Let n = p + 26. What is the tens digit of n?
4
Suppose v - 8*v = -1673. Suppose 3*l - 4*l = -1, -5*t + v = 4*l. What is the tens digit of t?
4
Let t(l) = 5*l**2 - 4*l + 3. Let y be t(2). Suppose -20*u + y*u + 90 = 0. What is the units digit of u?
8
Suppose 0 = u - v - 3925, -7842 = -6*u + 4*u - 2*v. What is the units digit of u?
3
Let g = 4219 + -1595. What is the hundreds digit of g?
6
Let k(t) = 2*t - 7 + 1 - t. Suppose 4*r = -3 + 31. What is the units digit of k(r)?
1
Let u = 50 - 131. Let g = 91 - 230. Let y = u - g. What is the tens digit of y?
5
Suppose -k + 0*k - 275 = 2*v, 5*v - k + 684 = 0. Let u = v - -258. Suppose -q + 4*s + 68 = 0, u + 0 = 2*q - 3*s. What is the tens digit of q?
5
Suppose 5 = u + 10. Let k = 212 - 184. Let t = k + u. What is the tens digit of t?
2
Suppose -9*i + 2*w = -5*i - 110, 104 = 4*i - 4*w. What is the units digit of i?
9
Let t(k) be the first derivative of -k**4/4 - 2*k**3 - k**2 - 12*k + 29. What is the tens digit of t(-8)?
3
Let b = -89 - -138. Suppose b*o - 360 = 46*o. What is the hundreds digit of o?
1
Let h(s) = 5*s**2 - s. Let g be h(-1). What is the tens digit of (g/9)/(1/15)?
1
Suppose -12*c + 27379 = 7*c. What is the thousands digit of c?
1
Let u = 524 - -18. What is the hundreds digit of u?
5
Suppose 4*d - p = -2, 0 = 5*d + 2*p + 2*p + 13. What is the units digit of ((-31)/2)/(d/14)?
7
Suppose -3*q = 2*h - 723, 3*h - 1431 = -h - 3*q. Suppose -3*u - 3*r + h = 0, 5*u - 226 = 3*r + 348. What is the hundreds digit of u?
1
Let c be 2/8 - (-888)/32. Let s = -10 + c. Let l = s + 19. What is the tens digit of l?
3
Let k = 21 + -15. Let s(f) = 19*f**2 + f + k*f + 11 - 18*f**2 - 3*f. What is the units digit of s(-6)?
3
What is the units digit of (-40625)/(-35) + (-2)/35*-5?
1
Let m(a) = -a**3 - 13*a**2 - 9*a - 19. Let b be m(-13). Let o = b + -26. What is the units digit of o?
2
Let c(n) = -2*n**2 + 21*n + 13. Let m be c(11). Suppose -g + 92 = -4*z, 2*g - m*z = -112 + 326. What is the hundreds digit of g?
1
Suppose -v - 6 = -z, 0 = -v - 4*v - z - 42. Let q = v + 36. What is the units digit of q?
8
Suppose -1875 = -2*r - 95. Suppose -629 = -7*n + r. What is the units digit of n?
7
Suppose 10 = 2*h - 2. Let a = h - 16. What is the tens digit of (-324)/a - 12/(-20)?
3
Let o be ((-4)/6)/((-10)/15). Suppose -f - o = -9. What is the tens digit of (-227)/(-4) - (-2)/f?
5
Suppose -50*d + 54*d = h - 1848, 2*h + 2*d = 3656. What is the tens digit of h?
3
Suppose -3*x - k - 5 = -31, -x + k + 10 = 0. Let b be (8 - 2)/(6/x). Let a = b - 6. What is the units digit of a?
3
Let d = 1 - 3. Let g be (62 + -2 - d) + 1. Suppose 4*s = -v + 35, 4*v + 3*s - 12 = g. What is the units digit of v?
5
Suppose 2*w - 4865 = -3*y, -5*w + 3706 = -y - 8499. What is the units digit of w?
0
Let v = 9 + -1. Suppose 4*t = -d + 13, -2*d + v*t = 4*t + 10. Let h(q) = 2*q**2. What is the units digit of h(d)?
2
Suppose 33*s = 34*s + 1, 0 = 3*w + 4*s - 1244. What is the tens digit of w?
1
Let l be 1 + (-8*3 - -2). Let v = l - -26. What is the units digit of v?
5
Suppose 2*u + 17*c = 21*c + 42, 2*u = -3*c + 63. Suppose -d + 0 = 2. What is the tens digit of -6*(u/d - -4)?
5
Let q = -59 + 53. Let v(t) = 5*t**2 + 12*t + 12. What is the hundreds digit of v(q)?
1
Let o(s) = -s**3 - 6*s**2 - 7*s - 8. Let a be -1 + 2 + -3 + -3. Let k be o(a). Let g = 10 - k. What is the units digit of g?
8
Let j be -3*(-2)/6*-80. Let a = j + 189. What is the units digit of a?
9
Suppose 2*c = -5*s + 3*c + 65, 0 = 5*c. Let y(v) = -v**3 + 13*v**2 - v + 15. Let n be y(s). Suppose n*j = -6, -r + 2*j = -3 - 15. What is the units digit of r?
2
Suppose 2*q - 408 = -2*i + 4*q, 1028 = 5*i + 3*q. Let b = i + -143. 